be (-3)/(18/4) - 104/(-12). What is w(y)?
-4
Let c(m) = 2*m**2 + m - 3. Let y(i) = -6*i**2 - 4*i + 10. Let u(w) = 7*c(w) + 2*y(w). Let g be u(-1). Let k(x) = x. What is k(g)?
2
Let w = -23 + 28. Suppose 12*f - w = 7*f. Let m(s) = -11*s**3 + 2*s**2 - 2*s + 1. What is m(f)?
-10
Let m(y) = y - 2. Let q(k) = k - 3. Let f(a) = -7*m(a) + 6*q(a). Suppose i = 2*b + 2, 9 = b + 4*i + 1. Give f(b).
-4
Let p(k) = k**3 + k**2 - 3*k + 1. Let q = -2 - -2. Let h = 2 - q. Calculate p(h).
7
Let a(b) be the first derivative of 3*b**4/4 - 2*b + 19. Determine a(2).
22
Let z be 2/8 - 14/(-8). Let o(h) = 2*h + z*h + h. Let c(v) = -2*v**2 + 2*v - 1. Let b be c(1). Give o(b).
-5
Let z be 1/(-2)*0*(-4)/(-12). Let a(h) = -h + 1. What is a(z)?
1
Suppose -3*c - c + 9 = 3*w, 5*c - 11 = -4*w. Let f(h) = -h**3 + 5*h**2 - 2*h + 4. Determine f(c).
16
Let g(v) = -3*v + 1. Let w(f) = 7*f - 2. Let i(z) = -5*g(z) - 2*w(z). Suppose 0 = 3*y + y + 24. Determine i(y).
-7
Let z(q) be the third derivative of q**9/60480 - q**8/5040 - q**7/5040 + q**6/360 + q**5/20 + 6*q**2. Let d(l) be the third derivative of z(l). What is d(4)?
-2
Let g(y) = 0 + 0 + 3 + y + 0. Calculate g(-3).
0
Suppose -4*a - 2*p = -7*p - 15, 3*a - 20 = -5*p. Suppose u + a + 4 = 0. Let o be ((-27)/6)/(u/12). Let v(l) = -l**2 + 5*l + 1. Calculate v(o).
-5
Let c(n) = -11*n**2 - 7*n + 11. Let q(b) = -5*b**2 - 3*b + 6. Let i(v) = 4*c(v) - 9*q(v). Calculate i(0).
-10
Let n(p) = -p + 1. Let u(h) = h + 4. Let a(t) = -3*n(t) + u(t). Suppose -5*o + 9 = 4. What is a(o)?
5
Let y(h) = h**2 + h + 3. Let m be y(0). Suppose -m*v + 0*v - 6 = 0. Let a(s) = 2*s**2 + 2*s - 1. What is a(v)?
3
Let m be (-3)/(-3)*(-2)/(-1). Let h(n) = -n**3 + 0 + 3 - m - n - 5*n**2. Let r be 11/(-2) - (-1)/2. Give h(r).
6
Let v(a) = 6*a - 10 - 68*a**2 - 3*a**3 + 2*a**3 + 62*a**2. Give v(-7).
-3
Suppose -42*g - 21 = -35*g. Let q(n) = -3*n - 3. What is q(g)?
6
Let n(o) = 4*o + 6 - o**2 - 2*o**2 - 29*o**3 + 28*o**3 + 4*o. Determine n(-5).
16
Let b(u) = u**3 - u**2 - u - 11. Suppose 0 = 3*f - 0 - 3, 0 = -z - 3*f + 7. Suppose c = z*c. Calculate b(c).
-11
Let y(j) = -j**2 + 2. Suppose -4*x = -0*x. Suppose 2*k + x*k = 0. Determine y(k).
2
Let c(t) = -2*t**2 + t**3 + 2*t**2 - t**2 + t. Let m = -5 - -14. Let o(n) = n**3 - 10*n**2 + 9*n. Let w be o(m). Give c(w).
0
Let t(x) be the third derivative of -8*x**2 - 1/30*x**5 + 0*x + 1/12*x**4 + 0 - 1/3*x**3. Give t(2).
-6
Let t(j) = 0 - 324*j - 2 + 320*j. Let d be (-2)/7 - (-57)/(-21). Give t(d).
10
Suppose 3*s = q - 0*q + 19, -q = -s + 7. Let a = 4 - s. Let b(f) = -2*f**3 - f**2 + 4*f + 3. Give b(a).
7
Suppose 1 - 11 = -5*a. Let m(p) = -p**3 + 3*p**2 + p. Let t(u) = -u**3 - 1. Let r(y) = a*t(y) - m(y). Calculate r(-2).
-4
Let s(l) = 2*l + 1. Suppose 4*x + 3*u = 13, 6 = -2*x + u + 25. Let t(j) = j - 11. Let i be t(x). Determine s(i).
-7
Let v(p) be the third derivative of p**4/24 + p**3/6 - p**2. Suppose 4*y - 11 = 9. Determine v(y).
6
Let p = -11 + 14. Let l(x) = p*x - 5 - x + 6. Give l(-2).
-3
Let n(h) = -13*h**2 + 10*h**2 + 4*h**2 - 4. Give n(4).
12
Let b(s) = s + 1. Let h be (1/2)/((-3)/36). Let m be (4/h)/((-2)/(-6)). Let y be (9/3)/(-3) - m. Calculate b(y).
2
Let w(k) = k**2 + 1. Let f(a) = -a - 9 - 7 - 10 + 20. Let d(b) = -2*b**2 + 1. Let x be d(-2). Let c be f(x). Determine w(c).
2
Let d(z) = z**3 - 13*z**2 + 7*z - 2*z**3 + 10*z**2. Calculate d(-5).
15
Let w(c) = -c**2 + 4*c + 3. Let a be w(4). Let t(k) = -4*k**3 - a*k + 2*k + 3*k**3 - k**2 - 1. Determine t(-1).
0
Let u(d) = d**3 + d**2 + d + 2. Let q be u(0). Let z(v) = -7*v. Give z(q).
-14
Let b(t) be the third derivative of t**7/2520 + t**6/144 - 7*t**5/120 + t**4/24 - t**2. Let w(f) be the second derivative of b(f). Give w(-6).
-1
Let m(f) = 2*f**2 + 6*f + 5. Let x be (6/4)/(3/(-8)). Calculate m(x).
13
Let f(y) be the third derivative of y**4/24 - 7*y**3/6 - 4*y**2. Suppose 5*r - 6 = 4. Suppose 2*q + r*q = 20. What is f(q)?
-2
Let w(z) = -z**2 + 5*z - 3. Suppose 2*c + 5 = -4*u - 1, -4*c - 3 = 5*u. Calculate w(c).
3
Suppose 5*w = -0*w - 5. Let x(l) be the second derivative of l**3/6 - l**2/2 - 2*l. Let t(a) = 7*a - 8. Let c(p) = w*t(p) + 5*x(p). What is c(5)?
-7
Let y(j) be the first derivative of -1/30*j**5 - 1/2*j**3 - 1/8*j**4 + 0*j - 2 - 1/2*j**2. Let c(o) be the second derivative of y(o). Determine c(-2).
-5
Suppose 0 = i + 2*q + q - 40, 0 = -5*i + 5*q + 120. Let p be i/16 - 2/(-8). Let v(h) = h**p + 1 - 3*h**2 + 0*h**2 - 3*h + h. Determine v(-3).
-11
Let u(p) be the second derivative of -p**4/3 - p**3/6 + 8*p. What is u(1)?
-5
Let f = 4 + -1. Let o(t) = 0*t**3 - 2*t + 0*t - f*t**2 + t**3. Suppose -14 - 22 = -9*y. What is o(y)?
8
Let f(u) be the third derivative of u**5/60 - 3*u**4/8 + 3*u**3/2 + 7*u**2. What is f(7)?
-5
Let r(a) = a**2 - 6*a + 3. Suppose -o = -2*o + 2. Suppose -o*w + 18 = w. Give r(w).
3
Let n = -8 + 13. Suppose -r + 9 = -2*w, 2*w + 4*r = w + 9. Let q(g) = -3*g - 13. Let b(i) = -2*i - 7. Let y(d) = w*q(d) + 5*b(d). What is y(n)?
-1
Let d(g) be the first derivative of -3*g**2/2 + 4*g - 11. Give d(3).
-5
Let d = 34 - 33. Let x(m) = m + 1. What is x(d)?
2
Let g be 0 + (0 - 0 - 0). Suppose 3*v + 5 + 4 = g. Let n(a) = -5*a + 7*a - 3*a - 2. Determine n(v).
1
Suppose 8 = -4*w + 20. Let n(h) = 3*h - 4. Calculate n(w).
5
Suppose -4*u = -3*v - 6, 2*v - 2 = 3*v. Let c(m) be the first derivative of m**3/3 + 4*m + 1. Determine c(u).
4
Let w(u) be the first derivative of -u**4/4 - u**3/3 + u**2/2 + 1. Let f be 0 + (-8)/2*-1. Suppose -2 = -f*m + 2, 3*m = 4*t + 11. Determine w(t).
2
Suppose -1 - 3 = -w. Suppose -y + w*y = 0. Let d(z) = 3 + z - 2 + 5. Calculate d(y).
6
Let f(z) = z**3 - z**2 + 1. Let i = 17 + -7. Suppose -6*j + j + i = 0. Determine f(j).
5
Let m(c) = 3*c**2 - 11*c - 1. Let k(o) = -5*o**2 + 16*o + 1. Let l(q) = 5*k(q) + 8*m(q). Give l(-3).
12
Suppose -7*o - 5*o = -36. Let s(q) be the second derivative of -1/6*q**o + 1/20*q**5 + 0 - 1/12*q**4 + q - 1/2*q**2. What is s(0)?
-1
Let l = 5 + -4. Let x(r) = 0 + r - l + 1 - 3*r**2. What is x(2)?
-10
Let q(v) = -3*v - 1. Let p(u) = 2*u - 11. Let s be p(9). Suppose -h + 24 = -5*c, -4*c - 25 = -4*h + s. Let a be (10/c - -2)*-2. Give q(a).
-4
Let x(c) = c + 8. Let b be x(-5). Let j(z) = 2*z - 6. Let k(i) = 2*i - 6. Let p(n) = b*j(n) - 4*k(n). Give p(6).
-6
Let o(t) = -2 - t**3 + 2*t**2 + 68*t - 33*t - 37*t. Let u be 4/5*5/2. Give o(u).
-6
Let s(q) = -4*q**3 + 2*q**2 - q + 3. Let a(v) = v**3 - 1. Let c(h) = -2*a(h) - s(h). Calculate c(2).
9
Let r be (3 + -1)*(-3)/(-18). Let d(h) be the third derivative of 0 - r*h**3 - 1/24*h**4 + h**2 + 0*h. Determine d(5).
-7
Let p(m) = m - 4. Let j be p(0). Let v = j + 1. Let s(c) = -2*c - 4. What is s(v)?
2
Let v(m) = m**2 + 12*m + 22. Let d be v(-9). Let k(y) = y**2 + 2*y + 3. Calculate k(d).
18
Let j(k) be the first derivative of k**4/12 - k**3 + k**2 - 1. Let a(n) be the second derivative of j(n). Determine a(5).
4
Let l be 2/11 + 140/77. Suppose -4*o - 2 = l. Let j be -2 + o + -5 + 2. Let q(z) = -z. Calculate q(j).
6
Let m(l) = 12*l + 12*l + 9 + 19*l - 40*l. What is m(-6)?
-9
Let z be 8/44 - (-336)/(-33). Let n = z + 15. Let s(p) = -p**3 + 6*p**2 - 7*p + 2. What is s(n)?
-8
Let d(n) = -8*n**3 - n**2 - 2*n - 1. Let s(w) = -w**3 - 2*w**2 + 3*w - 1. Suppose -4*g - 11 = 1. Let r be s(g). Calculate d(r).
8
Let o = 11 - 7. Let l(q) = 25 - 4*q - 25 + q**2. Calculate l(o).
0
Suppose 3*j + 12 = -j. Let q(f) = f**3 + 8*f**2 - 5*f - 6. Let b(i) = -2*i**3 - 15*i**2 + 9*i + 11. Let w(d) = j*b(d) - 5*q(d). Calculate w(-5).
7
Let r(k) be the first derivative of k**2/2 - k - 9. Determine r(2).
1
Suppose -2*o - 15 = o. Let j(y) = -y + 2. Let v(m) = -m + 1. Let u(k) = o*v(k) + 3*j(k). Let l be (1 + -3)/(-2)*(1 + 0). Give u(l).
3
Let w(r) = r**2 - 7*r - 6. Let f(n) = -n**3 - 8*n**2 - 9*n - 6. Let v be f(-7). Let z be w(v). Suppose 10 = z*c + 3*c. Let l(k) = k. What is l(c)?
2
Let k(n) = -n**3 - 3*n**2 + 2*n - 3. Suppose 0*a - 108 = 27*a. Give k(a).
5
Let v be ((-2)/4)/(1/2). Let m(f) = -8*f + 1. Give m(v).
9
Suppose v - 4 = -8. Let m = 2 - -3. Let g = m + v. Let t(i) = i**2 - i + 1. Calculate t(g).
1
Let s be (40/(-12))/((-2)/3). Suppose -s*r + 15 = -0*r. Let c(a) = -a**2 + 5*a - 4. What is c(r)?
2
Let t(n) be the second derivative of n**4/12 - n**2 - 6*n. Calculate t(3).
7
S